s digit of 5400?
0
What is the thousands digit of 1823?
1
What is the thousands digit of 26164?
6
What is the hundreds digit of 724?
7
What is the hundreds digit of 1883?
8
What is the thousands digit of 1140?
1
What is the units digit of 4862?
2
What is the tens digit of 6455?
5
What is the units digit of 1395?
5
What is the tens digit of 18533?
3
What is the thousands digit of 6050?
6
What is the ten thousands digit of 15263?
1
What is the tens digit of 219?
1
What is the units digit of 776?
6
What is the hundreds digit of 3384?
3
What is the tens digit of 988?
8
What is the tens digit of 3742?
4
What is the units digit of 14457?
7
What is the units digit of 32390?
0
What is the thousands digit of 3245?
3
What is the units digit of 6042?
2
What is the hundreds digit of 501?
5
What is the hundreds digit of 3164?
1
What is the tens digit of 19645?
4
What is the ten thousands digit of 17040?
1
What is the units digit of 70?
0
What is the hundreds digit of 143?
1
What is the tens digit of 654?
5
What is the units digit of 935?
5
What is the ten thousands digit of 27434?
2
What is the units digit of 1229?
9
What is the hundreds digit of 5722?
7
What is the thousands digit of 5875?
5
What is the ten thousands digit of 81057?
8
What is the hundreds digit of 6363?
3
What is the units digit of 1228?
8
What is the thousands digit of 52064?
2
What is the tens digit of 3769?
6
What is the units digit of 9244?
4
What is the thousands digit of 5756?
5
What is the hundreds digit of 21126?
1
What is the tens digit of 61?
6
What is the units digit of 2079?
9
What is the ten thousands digit of 61110?
6
What is the thousands digit of 14673?
4
What is the thousands digit of 53828?
3
What is the tens digit of 4848?
4
What is the hundreds digit of 1130?
1
What is the thousands digit of 92817?
2
What is the hundreds digit of 39436?
4
What is the hundreds digit of 1314?
3
What is the units digit of 39489?
9
What is the units digit of 68117?
7
What is the ten thousands digit of 16779?
1
What is the units digit of 1280?
0
What is the hundreds digit of 57417?
4
What is the units digit of 622?
2
What is the units digit of 4923?
3
What is the thousands digit of 3940?
3
What is the units digit of 45260?
0
What is the units digit of 2900?
0
What is the tens digit of 528?
2
What is the units digit of 1260?
0
What is the thousands digit of 3637?
3
What is the thousands digit of 1831?
1
What is the units digit of 1076?
6
What is the hundreds digit of 1692?
6
What is the thousands digit of 13862?
3
What is the thousands digit of 1177?
1
What is the thousands digit of 1303?
1
What is the thousands digit of 130520?
0
What is the hundreds digit of 2928?
9
What is the units digit of 2298?
8
What is the hundreds digit of 2477?
4
What is the thousands digit of 13513?
3
What is the units digit of 749?
9
What is the thousands digit of 3022?
3
What is the hundreds digit of 3471?
4
What is the units digit of 2232?
2
What is the ten thousands digit of 82537?
8
What is the thousands digit of 1809?
1
What is the units digit of 61442?
2
What is the hundreds digit of 2539?
5
What is the thousands digit of 13701?
3
What is the tens digit of 5506?
0
What is the units digit of 6059?
9
What is the units digit of 1432?
2
What is the ten thousands digit of 84262?
8
What is the tens digit of 953?
5
What is the hundreds digit of 10611?
6
What is the hundreds digit of 1894?
8
What is the thousands digit of 2492?
2
What is the units digit of 31925?
5
What is the tens digit of 21804?
0
What is the hundreds digit of 701?
7
What is the units digit of 2420?
0
What is the tens digit of 8689?
8
What is the hundreds digit of 3391?
3
What is the tens digit of 438?
3
What is the hundreds digit of 606?
6
What is the hundreds digit of 946?
9
What is the units digit of 2574?
4
What is the thousands digit of 2559?
2
What is the units digit of 2885?
5
What is the thousands digit of 5335?
5
What is the thousands digit of 28762?
8
What is the units digit of 22125?
5
What is the thousands digit of 19425?
9
What is the thousands digit of 32956?
2
What is the units digit of 7588?
8
What is the units digit of 20173?
3
What is the thousands digit of 21418?
1
What is the thousands digit of 1888?
1
What is the units digit of 1088?
8
What is the thousands digit of 17716?
7
What is the hundreds digit of 2359?
3
What is the units digit of 246?
6
What is the thousands digit of 1638?
1
What is the thousands digit of 9946?
9
What is the hundreds digit of 2074?
0
What is the hundreds digit of 721?
7
What is the ten thousands digit of 30268?
3
What is the tens digit of 3546?
4
What is the hundred thousands digit of 118584?
1
What is the tens digit of 413?
1
What is the hundreds digit of 521?
5
What is the hundreds digit of 2116?
1
What is the tens digit of 80778?
7
What is the hundreds digit of 28738?
7
What is the units digit of 726?
6
What is the hundreds digit of 223?
2
What is the ten thousands digit of 15881?
1
What is the units digit of 150705?
5
What is the hundreds digit of 160?
1
What is the hundreds digit of 30987?
9
What is the tens digit of 1936?
3
What is the thousands digit of 3068?
3
What is the hundreds digit of 15594?
5
What is the ten thousands digit of 27643?
2
What is the ten thousands digit of 31528?
3
What is the thousands digit of 39084?
9
What is the tens digit of 14275?
7
What is the thousands digit of 2796?
2
What is the units digit of 1951?
1
What is the tens digit of 1345?
4
What is the thousands digit of 1919?
1
What is the thousands digit of 1112?
1
What is the thousands digit of 28978?
8
What is the units digit of 3326?
6
What is the units digit of 5283?
3
What is the thousands digit of 10494?
0
What is the hundreds digit of 34268?
2
What is the hundreds digit of 11099?
0
What is the hundreds digit of 6770?
7
What is the tens digit of 60497?
9
What is the hundreds digit of 42324?
3
What is the hundreds digit of 21694?
6
What is the units digit of 3747?
7
What is the units digit of 5652?
2
What is the units digit of 149?
9
What is the units digit of 14938?
8
What is the tens digit of 27133?
3
What is the units digit of 60353?
3
What is the tens digit of 21871?
7
What is the units digit of 2026?
6
What is the thousands digit of 2289?
2
What is the units digit of 461?
1
What is the units digit of 2994?
4
What is the thousands digit of 29171?
9
What is the hundreds digit of 8559?
5
What is the tens digit of 72923?
2
What is the tens digit of 1206?
0
What is the thousands digit of 148658?
8
What is the thousands digit of 4299?
4
What is the units digit of 10900?
0
What is the tens digit of 44414?
1
What is the units digit of 4155?
5
What is the hundreds digit of 2024?
0
What is the units digit of 42542?
2
What is the thousands digit of 3959?
3
What is the units digit of 21281?
1
What is the hundreds digit of 3387?
3
What is the tens digit of 1660?
6
What is the hundreds digit of 82659?
6
What is the tens digit of 4359?
5
What is the thousands digit of 44242?
4
What is the hundreds digit of 77465?
4
What is the units digit of 3138?
8
What is the tens digit of 383?
8
What is the tens digit of 1011?
1
What is the ten thousands digit of 28402?
2
What is the units digit of 36905?
5
What is the units digit of 4983?
3
What is the units digit of 2287?
7
What is the tens digit of 1969?
6
What is the units digit of 341?
1
What is the units digit of 474?
4
What is the hundreds digit of 212?
2
What is the hundreds digit of 2487?
4
What is the hundreds digit of 941?
9
What is the units digit of 537?
7
What is the units digit of 1566?
6
What is the tens digit of 25564?
6
What is the units digit of 16544?
4
What is the hundreds digit of 3562?
5
What is the ten thousands digit of 99929?
9
What is the ten thousands digit of 85020?
8
What is the tens digit of 7547?
4
What is the thousands digit of 3847?
3
What is the tens digit of 1207?
0
What is the units digit of 30661?
1
What is the units digit of 1049?
9
What is the tens digit of 576?
7
What is the hundreds digit of 6405?
4
What is the thousands digit of 3861?
3
What is the units digit of 57088?
8
What is the hundreds digit of 25914?
9
What is the units digit of 3353?
3
What is the tens digit of 727?
2
What is the ten thousands digit of 70761?
7
What is the thousa